-5*l + 0*l = -5*y - 60, y = -5*l + 48. What is the remainder when 20 + 2 + (-6)/2 is divided by l?
9
Let x be -2*(153/(-3))/3. Let a be 6 - 0/(-5 - -3). Suppose -l + x = 3*p, -p + a*l = 2*l - 20. Calculate the remainder when p is divided by 5.
2
Let h(s) = 4*s - 1. Let r(t) be the first derivative of t**2/2 - 5*t + 1. Let b be r(6). What is the remainder when h(b) is divided by 2?
1
Suppose 3*d = 12 - 3, 5*w - 5*d = 105. Calculate the remainder when (-25)/(-2)*w/5 is divided by 31.
29
Let z = 19 + -35. Let x = z - -33. Let j = -125 + 175. What is the remainder when j is divided by x?
16
Let q = 14 + -23. Let w(v) = -15*v - 1. Let c be w(1). Let i = q - c. What is the remainder when 19 is divided by i?
5
Suppose 0 = -2*f + 2*h + 2, -h + 15 = 3*f - 0*h. Suppose 22 = f*y - 5*t, y = 6*y + 2*t - 11. What is the remainder when -1 + y - (-39)/1 is divided by 14?
13
Let s(j) = -j**3 + 9*j**2 - 4. Calculate the remainder when s(7) is divided by 19.
18
Let r = 22 + -40. Calculate the remainder when 22 is divided by ((-12)/(-9))/((-2)/r).
10
Suppose 0*b - 5*b = -45. Suppose 2*d - s = -0*s + b, 21 = 5*d - 3*s. Calculate the remainder when (60/(-18))/((-2)/d) is divided by 4.
2
Suppose -163 = 3*a - 430. What is the remainder when a is divided by 10?
9
Suppose -v = -2*v. Suppose 6*h - h - 15 = v. Let d = -2 + 10. Calculate the remainder when d is divided by h.
2
Let o(n) = -n**3 + 5*n**2 - n + 7. Let q be o(5). Suppose -2*c + 5*c = 5*r - 197, 5*r = -q*c + 177. What is the remainder when r is divided by 13?
11
Suppose -x - r + 21 = 0, 39 = 4*x - r - 20. Calculate the remainder when 63 is divided by x.
15
Calculate the remainder when 30 is divided by 14/4*(3 + 0 + 3).
9
Suppose -7*j + 2*j + 5*a + 25 = 0, 3*j - 2*a - 12 = 0. Suppose j*w - 2*r - 10 = 0, -6*w + 2*r = -w - 34. Calculate the remainder when 30 is divided by w.
6
Let h = -33 - -44. What is the remainder when 21 is divided by h?
10
Let u = 9 + 0. What is the remainder when u is divided by 6?
3
Suppose 1221 = 12*s - 1035. What is the remainder when s is divided by 27?
26
Let i be 2/5 - (-66)/(-15). Let r(d) = d**3 - 5*d**2 + d + 2. What is the remainder when 2/4 - 74/i is divided by r(5)?
5
Let q(z) = z - 8. Let p be q(11). Suppose 0 = -u + d + 7, 4*d + 4 = u - p*u. What is the remainder when ((-39)/(-2))/(-3)*-2 is divided by u?
1
Calculate the remainder when 40/15*(-21)/(-2) is divided by 5.
3
Let n = 528 + -289. Suppose -j + n = 4*j + 3*g, j + 4*g - 41 = 0. Calculate the remainder when j is divided by ((0 + -34)/2)/(-1).
15
Suppose 5*q + 42 = -4*w + 180, -48 = -2*q - 4*w. Let f = q + -10. Calculate the remainder when f is divided by 11.
9
Suppose 0*u - 5*u = -100. Calculate the remainder when u is divided by (-15 + 13)*(-14)/4.
6
What is the remainder when -1 + 302/34 + (-28)/(-238) is divided by 6?
2
Let p be 1 + -1 + -1*10. Calculate the remainder when 4*p/(-2) - 0 is divided by (88/12*-1)/((-8)/12).
9
Suppose 6 + 10 = g. Let f = -4 + g. What is the remainder when 33 is divided by f?
9
Let y(h) = 116*h**2 + 1. Let d be y(1). Suppose 0*r + d = 3*r. What is the remainder when r is divided by 14?
11
Let r(l) = l**2 + 6*l. Calculate the remainder when 62 is divided by r(-8).
14
Suppose -4*w = -2*w - 4*r + 42, 3*w + 54 = -3*r. Let x = 31 + w. What is the remainder when 22 is divided by x?
10
Suppose -140 = -7*c + 2*c. Suppose -3*y = -11 - 19. What is the remainder when c is divided by y?
8
Suppose -5*o - 16 = -2*w - 2*w, 2*o = -4*w + 16. What is the remainder when 5 is divided by w?
1
Let y(k) = -5*k - 8. Calculate the remainder when y(-6) is divided by 13.
9
Let g = -59 - -144. Calculate the remainder when g is divided by 29.
27
Let d(k) = -2*k - 5*k**2 + 5*k**2 - 2 - k**3 + 6*k**2. Suppose 0 = -3*u - 5*c + 39 + 33, 3*u - 66 = -3*c. Calculate the remainder when u is divided by d(2).
9
Let o = 65 - 46. Calculate the remainder when o is divided by 11.
8
Let x(z) = 20*z**2 - 4*z + 3. Calculate the remainder when x(1) is divided by 15.
4
Suppose -22*d - 154 = -36*d. What is the remainder when 31 + -1*1/1 is divided by d?
8
Suppose -10 = -r - 5. Suppose 3*p + 175 = 5*u, 0*p = -r*u + 5*p + 185. What is the remainder when u is divided by 17?
15
Let d = 61 + -30. Let s = d + -16. Calculate the remainder when 59 is divided by s.
14
Let i(y) = y**3 - 6*y**2 - 7*y + 18. Calculate the remainder when 34 is divided by i(7).
16
Let z(x) = 4*x - 3. Let u(p) = -p**3 - 4*p**2 + 3*p + 1. Let w be u(-5). Let q = w - 5. Calculate the remainder when z(3) is divided by q.
3
Let v be 43/4 - (-5)/20. Let i = v + 1. Calculate the remainder when 23 is divided by i.
11
Let l(z) = 2*z**2 + 2*z - 1. Let q be l(-2). Let g = q + 5. What is the remainder when g is divided by 5?
3
Let o = 152 + -82. Suppose -5*c + 0 - 21 = -2*s, o = 5*s + 5*c. What is the remainder when 50 is divided by s?
11
Let j(n) = 0*n**2 - 1 - n**2 + 4*n**2. Let b be j(1). Suppose 0 = b*x - 15 - 3. Calculate the remainder when 26 is divided by x.
8
What is the remainder when ((-68)/8)/(2/(-12)) is divided by 27?
24
Let i = 22 - 8. What is the remainder when -2 + -4 + 8 + 51 is divided by i?
11
Let k(b) = -4*b + 13*b**2 + b + 13 - 14. Calculate the remainder when k(-2) is divided by 15.
12
Let m = -34 - -58. Suppose m*l - 23*l - 5 = 0. Calculate the remainder when 13 is divided by l.
3
Calculate the remainder when 66 is divided by 21*(-4 - 34/(-7)).
12
Let f = -6 - -13. Let k(o) = o + 4. What is the remainder when k(f) is divided by 4?
3
Let h be (2/4)/1*4. Suppose 5*n = 5*o - 5, 4*o + h*n - 3*n - 10 = 0. Suppose 0 = o*x - x - 24. Calculate the remainder when 34 is divided by x.
10
Suppose -2*l = -3 - 1, 0 = 2*y - l - 8. Let s = y - -4. Calculate the remainder when s is divided by 3.
0
Let s be ((-12)/18)/((-2)/12). Suppose -q + 160 = s*q. Suppose 0 = -4*z + 48 + q. What is the remainder when 58 is divided by z?
18
Let o(b) = -13*b**3 + 2*b**2 - b + 2. Let f be o(2). What is the remainder when 28 is divided by 8/(-12) - f/9?
8
Let i(s) = -s - 14. What is the remainder when i(-16) is divided by (2/(-2))/(-1 - 0)?
0
Suppose 0 = -4*z + 27 - 3. Calculate the remainder when 35 is divided by z.
5
Let h = 8 - 42. Let g = 51 + h. Suppose 0 = -s + 4*m + 9, -s - s + 18 = -4*m. Calculate the remainder when g is divided by s.
8
Suppose 5*o - 6*o + 11 = 0. What is the remainder when 140 is divided by o?
8
Let l = 21 + -12. Let t = 35 - l. What is the remainder when 50 is divided by t?
24
Calculate the remainder when (-2926)/(-55) - 2/10 is divided by 14.
11
Suppose 0*g - g = -11. Let r(o) = o - 1. What is the remainder when r(g) is divided by 4?
2
Suppose -3*u - 15 = -4*u. Let k(b) = 8*b - 4. Calculate the remainder when k(6) is divided by u.
14
Let w = 147 + -81. Calculate the remainder when w is divided by 17.
15
Let d = -2 + 3. What is the remainder when 25 is divided by (d/2)/((-3)/(-78))?
12
Suppose 6*a - 15 = 9*a. Suppose -2*z - 8*k + 4*k = 190, -z = -3*k + 105. Calculate the remainder when z/a + 1/5 is divided by 7.
6
Suppose 0 = -0*a + 2*a + 4. Let c be (-10)/a*(-264)/40. Calculate the remainder when 0 - (c/1 + 3) is divided by 16.
14
Let q(c) be the second derivative of c**3/6 - 2*c**2 + 3*c. Let z be q(6). Calculate the remainder when z*(0 + 9/2) is divided by 5.
4
Suppose 0 = 3*z - 0*z - 15. Suppose z*j = -5*h - 10, 2*h - 5*j = 8 + 23. What is the remainder when h is divided by 1?
0
Suppose 2*w + f = 4, -2*w = 3*f - 0*f. Suppose -w*y + i - 1 = -2*y, 5*y = -i + 13. Calculate the remainder when 10 is divided by 6 - 1/(y/4).
2
Let o(y) = y - 3. Let p be o(7). Suppose p*m + 0*v - 4*v - 64 = 0, -50 = -5*m - 5*v. What is the remainder when 25 is divided by m?
12
Let k = 24 - 3. What is the remainder when 81 is divided by k?
18
Let f = -17 - -30. Suppose -2*q = -4*i + 2*q + 8, i + 2 = 3*q. Calculate the remainder when f is divided by i.
1
Suppose -2*l + 2*t + 14 + 14 = 0, -3*l + 4*t + 45 = 0. What is the remainder when 19 is divided by l?
8
Let v = 5 + 0. Suppose 2*w = v*w - 33. Calculate the remainder when w is divided by 4.
3
Suppose 3*f + 6 = i - 10, -8 = -4*i - 2*f. Suppose x - 3*y = 2 - 13, i*x - 1 = 3*y. Suppose -2*k + x*k - 22 = 0. What is the remainder when 20 is divided by k?
9
Let k be (0 - 99) + (-6)/6. Calculate the remainder when 26 is divided by (-11)/